{"id":21037,"date":"2025-12-22T12:06:32","date_gmt":"2025-12-22T12:06:32","guid":{"rendered":"https:\/\/ccelra.eu\/?page_id=21037"},"modified":"2025-12-23T11:57:10","modified_gmt":"2025-12-23T11:57:10","slug":"dossier-sostenibilitat","status":"publish","type":"page","link":"https:\/\/ccelra.eu\/index.php\/ca\/dossier-sostenibilitat\/","title":{"rendered":"Dossier. Sostenibilitat"},"content":{"rendered":"\t\t<div data-elementor-type=\"wp-page\" data-elementor-id=\"21037\" class=\"elementor elementor-21037\">\n\t\t\t\t\t\t<section class=\"elementor-section elementor-top-section elementor-element elementor-element-fdda324 elementor-section-full_width elementor-section-height-default elementor-section-height-default\" data-id=\"fdda324\" data-element_type=\"section\" data-e-type=\"section\">\n\t\t\t\t\t\t\t<div class=\"elementor-background-overlay\"><\/div>\n\t\t\t\t\t\t\t<div class=\"elementor-container elementor-column-gap-default\">\n\t\t\t\t\t<div class=\"elementor-column elementor-col-50 elementor-top-column elementor-element elementor-element-55a1006\" data-id=\"55a1006\" data-element_type=\"column\" data-e-type=\"column\">\n\t\t\t<div class=\"elementor-widget-wrap elementor-element-populated\">\n\t\t\t\t\t\t<div class=\"elementor-element elementor-element-f160c22 elementor-widget__width-initial elementor-widget elementor-widget-text-editor\" data-id=\"f160c22\" data-element_type=\"widget\" data-e-type=\"widget\" data-widget_type=\"text-editor.default\">\n\t\t\t\t<div class=\"elementor-widget-container\">\n\t\t\t\t\t\t\t\t\t<p>A<strong> OLOT MEATS GROUP<\/strong>, la sostenibilitat \u00e9s una part essencial de la nostra identitat i del nostre comprom\u00eds com a grup l\u00edder en el sector carni espanyol. Creiem que la qualitat dels nostres productes no nom\u00e9s dep\u00e8n dels processos industrials, sin\u00f3 tamb\u00e9 de la manera com gestionem els recursos, cuidem del medi ambient i garantim el benestar animal en totes les fases de la producci\u00f3.<\/p><p>El nostre <em><strong>Dossier de Sostenibilitat<\/strong><\/em> recull de manera detallada totes les iniciatives i bones pr\u00e0ctiques que implementem a les nostres plantes: des de la tra\u00e7abilitat completa dels nostres productes i la supervisi\u00f3 veterin\u00e0ria de tot el proc\u00e9s productiu, fins a la gesti\u00f3 responsable dels recursos naturals i la minimitzaci\u00f3 de l&#8217;impacte ambiental. Tamb\u00e9 inclou el nostre comprom\u00eds amb la responsabilitat social, la formaci\u00f3 i el benestar del nostre equip hum\u00e0, aix\u00ed com la col\u00b7laboraci\u00f3 amb clients i prove\u00efdors per promoure pr\u00e0ctiques sostenibles al llarg de tota la cadena de valor.<\/p><p>Aquest dossier \u00e9s una eina amb qu\u00e8 compartim amb la societat, amb els nostres clients i amb els nostres col\u00b7laboradors el nostre ferm comprom\u00eds amb un futur m\u00e9s sostenible. Volem demostrar que \u00e9s possible combinar la m\u00e0xima qualitat i seguretat aliment\u00e0ria amb processos responsables, transparents i respectuosos amb el medi ambient.<\/p>\t\t\t\t\t\t\t\t<\/div>\n\t\t\t\t<\/div>\n\t\t\t\t\t<\/div>\n\t\t<\/div>\n\t\t\t\t<div class=\"elementor-column elementor-col-50 elementor-top-column elementor-element elementor-element-36131bd\" data-id=\"36131bd\" data-element_type=\"column\" data-e-type=\"column\">\n\t\t\t<div class=\"elementor-widget-wrap elementor-element-populated\">\n\t\t\t\t\t\t<div class=\"elementor-element elementor-element-b1ffd07 elementor-widget__width-initial elementor-widget elementor-widget-leroux_core_accordion\" data-id=\"b1ffd07\" data-element_type=\"widget\" data-e-type=\"widget\" data-widget_type=\"leroux_core_accordion.default\">\n\t\t\t\t<div class=\"elementor-widget-container\">\n\t\t\t\t\t<div class=\"qodef-shortcode qodef-m  qodef-accordion clear qodef-behavior--accordion qodef-layout--simple qodef-icon--layout-1\" style=\"--qodef-accordion-content-color: #7A7A7A\">\n\t<h4 class=\"qodef-accordion-title\">\n\t<span class=\"qodef-tab-title\">Primera part \u2013 Comprom\u00eds i lideratge<\/span>\n\t<span class=\"qodef-accordion-mark\">\n                    <span class=\"qodef-icon--plus qodef-icon-layout--1\">\n                <svg class=\"qodef-svg--arrow-down\" xmlns=\"http:\/\/www.w3.org\/2000\/svg\" width=\"16.112\" height=\"16.112\" viewBox=\"0 0 16.112 16.112\"><g transform=\"translate(15.612 8.056) rotate(135)\"><line x2=\"10.686\" y2=\"10.686\" transform=\"translate(0 10.686) rotate(-90)\" fill=\"none\" stroke=\"currentColor\" stroke-width=\"1\"\/><line y2=\"10.565\" transform=\"translate(0.052 0.121) rotate(-90)\" fill=\"none\" stroke=\"currentColor\" stroke-width=\"1\"\/><line x2=\"10.565\" transform=\"translate(10.617 10.686) rotate(-90)\" fill=\"none\" stroke=\"currentColor\" stroke-width=\"1\"\/><\/g><\/svg>            <\/span>\n        \t\t<span class=\"qodef-icon--minus\"><\/span>\n\t<\/span>\n<\/h4>\n<div class=\"qodef-accordion-content\">\n\t<div class=\"qodef-accordion-content-inner\">\n\t\t<p>En aquesta primera secci\u00f3 del <strong><em>Dossier de Sostenibilitat<\/em><\/strong> us mostrem la visi\u00f3 i els valors que ens guien a Olot Meats Group. Incloem la carta del nostre fundador i la carta del nostre CEO, on compartim els principis i compromisos que inspiren la nostra activitat. Aix\u00ed mateix, presentem els nostres prop\u00f2sits empresarials i l'organigrama corporatiu de les tres companyies que formen part del grup, oferint aix\u00ed transpar\u00e8ncia sobre com treballem plegats per a un futur m\u00e9s sostenible.<\/p><p><span style=\"color: #008080;\"><em><strong><a style=\"color: #008080;\" href=\"https:\/\/ccelra.eu\/wp-content\/uploads\/2025\/12\/DOSSIER_SOSTENIBILIDAD_2024_01.pdf\" target=\"_blank\" rel=\"noopener\">DOSSIER _ SOSTENIBILITAT _2024 _01<\/a><\/strong><\/em><\/span><\/p>\t<\/div>\n<\/div>\n<h4 class=\"qodef-accordion-title\">\n\t<span class=\"qodef-tab-title\">Segona part \u2013 Les nostres empreses en detall<\/span>\n\t<span class=\"qodef-accordion-mark\">\n                    <span class=\"qodef-icon--plus qodef-icon-layout--1\">\n                <svg class=\"qodef-svg--arrow-down\" xmlns=\"http:\/\/www.w3.org\/2000\/svg\" width=\"16.112\" height=\"16.112\" viewBox=\"0 0 16.112 16.112\"><g transform=\"translate(15.612 8.056) rotate(135)\"><line x2=\"10.686\" y2=\"10.686\" transform=\"translate(0 10.686) rotate(-90)\" fill=\"none\" stroke=\"currentColor\" stroke-width=\"1\"\/><line y2=\"10.565\" transform=\"translate(0.052 0.121) rotate(-90)\" fill=\"none\" stroke=\"currentColor\" stroke-width=\"1\"\/><line x2=\"10.565\" transform=\"translate(10.617 10.686) rotate(-90)\" fill=\"none\" stroke=\"currentColor\" stroke-width=\"1\"\/><\/g><\/svg>            <\/span>\n        \t\t<span class=\"qodef-icon--minus\"><\/span>\n\t<\/span>\n<\/h4>\n<div class=\"qodef-accordion-content\">\n\t<div class=\"qodef-accordion-content-inner\">\n\t\t<p>En aquesta secci\u00f3 us presentem informaci\u00f3 detallada de cadascuna de les tres companyies que conformen Olot Meats Group. Compartim les dades espec\u00edfiques de cada empresa, els seus organigrames particulars i altres aspectes rellevants de la seva estructura i funcionament. D'aquesta manera, mostrem com operem junts com a grup i com cada companyia contribueix al nostre comprom\u00eds amb la sostenibilitat, la qualitat i la responsabilitat social.<\/p><p><span style=\"color: #008080;\"><em><strong><a style=\"color: #008080;\" href=\"https:\/\/ccelra.eu\/wp-content\/uploads\/2025\/12\/DOSSIER_SOSTENIBILIDAD_2024_02.pdf\" target=\"_blank\" rel=\"noopener\">DOSSIER _ SOSTENIBILITAT _2024 _02<\/a><\/strong><\/em><\/span><\/p>\t<\/div>\n<\/div>\n<h4 class=\"qodef-accordion-title\">\n\t<span class=\"qodef-tab-title\">Tercera part \u2013 El nostre rendiment i comprom\u00eds<\/span>\n\t<span class=\"qodef-accordion-mark\">\n                    <span class=\"qodef-icon--plus qodef-icon-layout--1\">\n                <svg class=\"qodef-svg--arrow-down\" xmlns=\"http:\/\/www.w3.org\/2000\/svg\" width=\"16.112\" height=\"16.112\" viewBox=\"0 0 16.112 16.112\"><g transform=\"translate(15.612 8.056) rotate(135)\"><line x2=\"10.686\" y2=\"10.686\" transform=\"translate(0 10.686) rotate(-90)\" fill=\"none\" stroke=\"currentColor\" stroke-width=\"1\"\/><line y2=\"10.565\" transform=\"translate(0.052 0.121) rotate(-90)\" fill=\"none\" stroke=\"currentColor\" stroke-width=\"1\"\/><line x2=\"10.565\" transform=\"translate(10.617 10.686) rotate(-90)\" fill=\"none\" stroke=\"currentColor\" stroke-width=\"1\"\/><\/g><\/svg>            <\/span>\n        \t\t<span class=\"qodef-icon--minus\"><\/span>\n\t<\/span>\n<\/h4>\n<div class=\"qodef-accordion-content\">\n\t<div class=\"qodef-accordion-content-inner\">\n\t\t<p>En aquesta secci\u00f3 us mostrem els nostres productes i compartim informaci\u00f3 sobre el nostre exercici empresarial, incloent xifres de vendes, volum de negoci, exportacions i percentatge de vendes a l'exterior. Tamb\u00e9 detallem els nostres compromisos amb la seguretat aliment\u00e0ria, aix\u00ed com les certificacions oficials que donen suport als nostres processos. D'aquesta manera, oferim transpar\u00e8ncia sobre com combinem la qualitat dels nostres productes amb pr\u00e0ctiques responsables i sostenibles a tota la nostra activitat.<\/p><p><span style=\"color: #008080;\"><em><strong><a style=\"color: #008080;\" href=\"https:\/\/ccelra.eu\/wp-content\/uploads\/2025\/12\/DOSSIER_SOSTENIBILIDAD_2024_03.pdf\" target=\"_blank\" rel=\"noopener\">DOSSIER _ SOSTENIBILITAT _2024 03<\/a><\/strong><\/em><\/span><\/p>\t<\/div>\n<\/div>\n<h4 class=\"qodef-accordion-title\">\n\t<span class=\"qodef-tab-title\">Quarta part \u2013 Protecci\u00f3 del medi ambient<\/span>\n\t<span class=\"qodef-accordion-mark\">\n                    <span class=\"qodef-icon--plus qodef-icon-layout--1\">\n                <svg class=\"qodef-svg--arrow-down\" xmlns=\"http:\/\/www.w3.org\/2000\/svg\" width=\"16.112\" height=\"16.112\" viewBox=\"0 0 16.112 16.112\"><g transform=\"translate(15.612 8.056) rotate(135)\"><line x2=\"10.686\" y2=\"10.686\" transform=\"translate(0 10.686) rotate(-90)\" fill=\"none\" stroke=\"currentColor\" stroke-width=\"1\"\/><line y2=\"10.565\" transform=\"translate(0.052 0.121) rotate(-90)\" fill=\"none\" stroke=\"currentColor\" stroke-width=\"1\"\/><line x2=\"10.565\" transform=\"translate(10.617 10.686) rotate(-90)\" fill=\"none\" stroke=\"currentColor\" stroke-width=\"1\"\/><\/g><\/svg>            <\/span>\n        \t\t<span class=\"qodef-icon--minus\"><\/span>\n\t<\/span>\n<\/h4>\n<div class=\"qodef-accordion-content\">\n\t<div class=\"qodef-accordion-content-inner\">\n\t\t<p data-start=\"186\" data-end=\"705\">En aquesta secci\u00f3 compartim el nostre comprom\u00eds amb la protecci\u00f3 del medi ambient i la lluita contra l\u00b4emerg\u00e8ncia clim\u00e0tica. Presentem els reptes que enfrontem, aix\u00ed com les nostres iniciatives per a un \u00fas responsable de l'aigua, incloent-hi projectes destacats com Glicopepton. D'aquesta manera, mostrem com treballem de manera activa per minimitzar el nostre impacte ambiental i promoure pr\u00e0ctiques sostenibles a totes les nostres operacions.<\/p><p><span style=\"color: #008080;\"><em><strong><a style=\"color: #008080;\" href=\"https:\/\/ccelra.eu\/wp-content\/uploads\/2025\/12\/DOSSIER_SOSTENIBILIDAD_2024_04.pdf\" target=\"_blank\" rel=\"noopener\">DOSSIER _ SOSTENIBILITAT _2024 04<\/a><\/strong><\/em><\/span><\/p>\t<\/div>\n<\/div>\n<h4 class=\"qodef-accordion-title\">\n\t<span class=\"qodef-tab-title\">Cinquena part \u2013 Els nostres valors i comprom\u00eds<\/span>\n\t<span class=\"qodef-accordion-mark\">\n                    <span class=\"qodef-icon--plus qodef-icon-layout--1\">\n                <svg class=\"qodef-svg--arrow-down\" xmlns=\"http:\/\/www.w3.org\/2000\/svg\" width=\"16.112\" height=\"16.112\" viewBox=\"0 0 16.112 16.112\"><g transform=\"translate(15.612 8.056) rotate(135)\"><line x2=\"10.686\" y2=\"10.686\" transform=\"translate(0 10.686) rotate(-90)\" fill=\"none\" stroke=\"currentColor\" stroke-width=\"1\"\/><line y2=\"10.565\" transform=\"translate(0.052 0.121) rotate(-90)\" fill=\"none\" stroke=\"currentColor\" stroke-width=\"1\"\/><line x2=\"10.565\" transform=\"translate(10.617 10.686) rotate(-90)\" fill=\"none\" stroke=\"currentColor\" stroke-width=\"1\"\/><\/g><\/svg>            <\/span>\n        \t\t<span class=\"qodef-icon--minus\"><\/span>\n\t<\/span>\n<\/h4>\n<div class=\"qodef-accordion-content\">\n\t<div class=\"qodef-accordion-content-inner\">\n\t\t<p>En aquesta secci\u00f3 compartim els valors que ens guien i el nostre ferm comprom\u00eds amb la qualitat i la seguretat aliment\u00e0ria. Tamb\u00e9 mostrem la nostra dedicaci\u00f3 al benestar animal, la innovaci\u00f3 i la sostenibilitat, aix\u00ed com la nostra visi\u00f3 de futur i els objectius que ens inspiren per continuar creixent de manera responsable. Aquesta part del dossier reflecteix com treballem dia a dia per combinar excel\u00b7l\u00e8ncia, \u00e8tica i comprom\u00eds amb el medi ambient.<\/p><p><span style=\"color: #008080;\"><em><strong><a style=\"color: #008080;\" href=\"https:\/\/ccelra.eu\/wp-content\/uploads\/2025\/12\/DOSSIER_SOSTENIBILIDAD_2024_05.pdf\" target=\"_blank\" rel=\"noopener\">DOSSIER _ SOSTENIBILITAT _2024 05<\/a><\/strong><\/em><\/span><\/p>\t<\/div>\n<\/div>\n<\/div>\n\t\t\t\t<\/div>\n\t\t\t\t<\/div>\n\t\t\t\t\t<\/div>\n\t\t<\/div>\n\t\t\t\t\t<\/div>\n\t\t<\/section>\n\t\t<div class=\"elementor-element elementor-element-30b10e8 e-con-full e-flex e-con e-parent\" data-id=\"30b10e8\" data-element_type=\"container\" data-e-type=\"container\">\n\t\t<div class=\"elementor-element elementor-element-0fcde3f e-flex e-con-boxed e-con e-child\" data-id=\"0fcde3f\" data-element_type=\"container\" data-e-type=\"container\" data-settings=\"{&quot;background_background&quot;:&quot;classic&quot;}\">\n\t\t\t\t\t<div class=\"e-con-inner\">\n\t\t\t\t<div class=\"elementor-element elementor-element-c20b986 elementor-widget__width-auto elementor-widget elementor-widget-heading\" data-id=\"c20b986\" data-element_type=\"widget\" data-e-type=\"widget\" data-widget_type=\"heading.default\">\n\t\t\t\t<div class=\"elementor-widget-container\">\n\t\t\t\t\t<h5 class=\"elementor-heading-title elementor-size-default\">El nostre comprom\u00eds amb un futur m\u00e9s sostenible<\/h5>\t\t\t\t<\/div>\n\t\t\t\t<\/div>\n\t\t\t\t\t<\/div>\n\t\t\t\t<\/div>\n\t\t\t\t<\/div>\n\t\t\t\t<\/div>\n\t\t","protected":false},"excerpt":{"rendered":"<p>A OLOT MEATS GROUP, la sostenibilitat \u00e9s una part essencial de la nostra identitat i del nostre comprom\u00eds com a grup l\u00edder en el sector carni espanyol. Creiem que la qualitat dels nostres productes no nom\u00e9s dep\u00e8n dels processos industrials, sin\u00f3 tamb\u00e9 de la manera com gestionem els recursos, cuidem del medi ambient i garantim [&hellip;]<\/p>\n","protected":false},"author":1,"featured_media":0,"parent":0,"menu_order":0,"comment_status":"closed","ping_status":"closed","template":"page-full-width.php","meta":{"footnotes":""},"class_list":["post-21037","page","type-page","status-publish","hentry"],"_links":{"self":[{"href":"https:\/\/ccelra.eu\/index.php\/wp-json\/wp\/v2\/pages\/21037","targetHints":{"allow":["GET"]}}],"collection":[{"href":"https:\/\/ccelra.eu\/index.php\/wp-json\/wp\/v2\/pages"}],"about":[{"href":"https:\/\/ccelra.eu\/index.php\/wp-json\/wp\/v2\/types\/page"}],"author":[{"embeddable":true,"href":"https:\/\/ccelra.eu\/index.php\/wp-json\/wp\/v2\/users\/1"}],"replies":[{"embeddable":true,"href":"https:\/\/ccelra.eu\/index.php\/wp-json\/wp\/v2\/comments?post=21037"}],"version-history":[{"count":66,"href":"https:\/\/ccelra.eu\/index.php\/wp-json\/wp\/v2\/pages\/21037\/revisions"}],"predecessor-version":[{"id":21200,"href":"https:\/\/ccelra.eu\/index.php\/wp-json\/wp\/v2\/pages\/21037\/revisions\/21200"}],"wp:attachment":[{"href":"https:\/\/ccelra.eu\/index.php\/wp-json\/wp\/v2\/media?parent=21037"}],"curies":[{"name":"wp","href":"https:\/\/api.w.org\/{rel}","templated":true}]}}